 5445?
5441
In base 4, what is 1321 + -10?
1311
In base 5, what is 3333 + -4?
3324
In base 9, what is -220 - 2?
-222
In base 8, what is -2 + 315?
313
In base 16, what is -4 + -20?
-24
In base 7, what is -336 - 2?
-341
In base 9, what is 423 - 0?
423
In base 11, what is 44 - 77?
-33
In base 4, what is 121021 - 10?
121011
In base 8, what is -30 + -125?
-155
In base 9, what is 821 - 2?
818
In base 15, what is -286 - -5?
-281
In base 14, what is -3 + 36?
33
In base 14, what is 19 + 2?
1b
In base 6, what is -1 - -24?
23
In base 12, what is -3 - -26?
23
In base 13, what is 3ac - -8?
3b7
In base 3, what is -1 + -21020222?
-21021000
In base 11, what is -400 + -1?
-401
In base 9, what is -187 + 12?
-175
In base 3, what is -1210222 - 101?
-1211100
In base 3, what is 111 + -20?
21
In base 12, what is -6a - 1?
-6b
In base 4, what is 0 + 3020?
3020
In base 3, what is -10 + 1102?
1022
In base 15, what is -80 + -4?
-84
In base 9, what is -664 + 3?
-661
In base 13, what is -4 + 638?
634
In base 8, what is -10 - -27?
17
In base 5, what is -10 + 20320?
20310
In base 13, what is -6 + 4a?
44
In base 5, what is -10 - -402?
342
In base 15, what is 30 - -17?
47
In base 9, what is 5 + -580?
-574
In base 7, what is -3 + -1220?
-1223
In base 3, what is -21 - -11?
-10
In base 13, what is 30b - -5?
313
In base 12, what is -12b - 5?
-134
In base 12, what is -3 - 199?
-1a0
In base 2, what is -1011 + 101101?
100010
In base 3, what is 20202211 + 0?
20202211
In base 8, what is 246 - -2?
250
In base 6, what is 3 + -1?
2
In base 11, what is -74 + -5?
-79
In base 2, what is -1111000 + 1?
-1110111
In base 11, what is 12 + -a5?
-93
In base 10, what is 259 + -18?
241
In base 13, what is 31 + 2?
33
In base 16, what is -2 + -16?
-18
In base 5, what is 1013 - 1030?
-12
In base 16, what is -15 + -23?
-38
In base 4, what is -21002 + -1?
-21003
In base 7, what is 245 + -232?
13
In base 9, what is 22 + -57?
-35
In base 12, what is -5 - 81?
-86
In base 15, what is 32 - -b?
3d
In base 13, what is 0 - a3?
-a3
In base 3, what is -22 + -20002?
-20101
In base 3, what is -110110100 - -2?
-110110021
In base 6, what is 0 - -3212?
3212
In base 5, what is -12 + 114?
102
In base 10, what is -2 - -49?
47
In base 13, what is 2 + 39?
3b
In base 13, what is 125 - 3?
122
In base 2, what is -111000101000 + 100?
-111000100100
In base 10, what is 207 + -4?
203
In base 16, what is -2 - -a77?
a75
In base 10, what is -2 + -1919?
-1921
In base 7, what is -15 - 254?
-302
In base 3, what is 202 - 1110?
-201
In base 2, what is -100000010110 - -101?
-100000010001
In base 2, what is 1111010111 + -1?
1111010110
In base 10, what is 5 + -305?
-300
In base 7, what is -1 - 1150?
-1151
In base 7, what is -30 + -12?
-42
In base 16, what is 1 - 177?
-176
In base 15, what is 7 + -10?
-8
In base 2, what is -10100001 + -110?
-10100111
In base 8, what is -3 + -11117?
-11122
In base 16, what is -2 + -12b?
-12d
In base 15, what is -715 + -8?
-71d
In base 3, what is 1000000 - 0?
1000000
In base 16, what is 1 - -6?
7
In base 7, what is -20 - 12?
-32
In base 6, what is -2 - -12?
10
In base 9, what is -107 + 3?
-104
In base 9, what is 872 - -4?
876
In base 14, what is 1799 - 5?
1794
In base 12, what is -1b + 193?
174
In base 3, what is 12112102 + -10?
12112022
In base 8, what is 3 + -1236?
-1233
In base 6, what is -50151 - -5?
-50142
In base 5, what is 0 + -4010?
-4010
In base 8, what is 4173 - -5?
4200
In base 14, what is -5 - -5?
0
In base 4, what is 10 + -230?
-220
In base 12, what is 1 + -b?
-a
In base 6, what is -23402 + 3?
-23355
In base 16, what is -8 - -f?
7
In base 16, what is -5 - 1f6?
-1fb
In base 2, what is 0 + 11001101?
11001101
In base 16, what is -276 + -5?
-27b
In base 3, what is 101 + 2002?
2110
In base 8, what is -10 + 43?
33
In base 8, what is 101 + -11?
70
In base 7, what is 53 - 4?
46
In base 15, what is 2b4a + -5?
2b45
In base 2, what is 10011010001 - 10?
10011001111
In base 3, what is -1 + -1121?
-1122
In base 13, what is -11 - a0?
-b1
In base 16, what is 2 + 99d?
99f
In base 11, what is 4 - 167?
-163
In base 5, what is -3 + 44130?
44122
In base 12, what is 1261b - 3?
12618
In base 14, what is -9 + 66?
5b
In base 8, what is -2015 - 5?
-2022
In base 16, what is 144 - 4?
140
In base 11, what is 22 - -99?
110
In base 9, what is 1 + 12060?
12061
In base 3, what is -12 - 111001121?
-111001210
In base 14, what is 2 + -148?
-146
In base 12, what is -3 - 75?
-78
In base 6, what is -332 - -2?
-330
In base 4, what is -11 + 11?
0
In base 6, what is 1055 - 111?
544
In base 16, what is -4 - -50?
4c
In base 6, what is 5 - -32?
41
In base 13, what is -45 - -1?
-44
In base 11, what is 5 + 9?
13
In base 13, what is 94 + -a?
87
In base 2, what is -1001 - 10010001?
-10011010
In base 7, what is 2541 + -3?
2535
In base 16, what is -a6 - 31?
-d7
In base 3, what is 1 - -1112011?
1112012
In base 5, what is 1243 - -4?
1302
In base 8, what is 36 - 17?
17
In base 4, what is -3 - -1110?
1101
In base 16, what is 1 + -c?
-b
In base 10, what is -3262 - 0?
-3262
In base 14, what is -36 + -5?
-3b
In base 10, what is -4 - -132?
128
In base 10, what is 1217 - -5?
1222
In base 14, what is 6c - 3?
69
In base 14, what is 6c + -3?
69
In base 12, what is -5 + -85?
-8a
In base 4, what is 12221 - 0?
12221
In base 10, what is -23 + -8?
-31
In base 12, what is -771 + 1?
-770
In base 6, what is -10 + 123?
113
In base 9, what is 1 - -217?
218
In base 5, what is -300 - 4124?
-4424
In base 6, what is 3 + -32024?
-32021
In base 15, what is 24 + -3?
21
In base 5, what is -12 - -32?
20
In base 8, what is 20 + 44?
64
In base 2, what is 10110010 - 1110?
10100100
In base 12, what is 2 + 22a?
230
In base 9, what is 15 - -33?
48
In base 11, what is -6 + 76?
70
In base 12, what is 1 - -a7?
a8
In base 9, what is 8 - 17?
-8
In base 13, what is 96 + -4?
92
In base 3, what is -10112 + 201?
-2211
In base 12, what is 4 - -214?
218
In base 8, what is -561 - -1?
-560
In base 7, what is 5 - 135?
-130
In base 2, what is 0 + 101110?
101110
In base 3, what is -11 - 1102121?
-1102202
In base 5, what is 233 - -3?
241
In base 3, what is 0 - 2120?
-2120
In base 13, what is -1 + -23?
-24
In base 6, what is 13 + -1055?
-1042
In base 3, what is 22 - 2112?
-2020
In base 14, what is 4 - 24?
-20
In base 4, what is -1 + -12332?
-12333
In base 6, what is 1 + 13?
14
In base 2, what is -10 + 10010100?
10010010
In base 7, what is 3 - -31?
34
In base 13, what is -72b + 5?
-726
In base 7, what is 6 - -11?
20
In base 13, what is 9 - 9?
0
In base 4, what is 1 + -2211?
-2210
In base 7, what is -14 - -556?
542
In base 10, what is -3736 + 1?
-3735
In base 5, what is -1 - 1411?
-1412
In base 3, what is 21 + 10012?
10110
In base 9, what is 5 - 138?
-133
In base 8, what is 3 + -1653?
-1650
In base 9, what is -1 + 1711?
1710
In base 3, what is 2 + 21112?
21121
In base 11, what is -3 + 6?
3
In base 7, what is -11 - -106?
65
In base 4, what is -101 - 122?
-223
In base 11, what is -321 - -3?
-319
In base 7, what is 1 - 310?
-306
In base 7, what is 22 + -1524?
-1502
In base 15, what is c - a?
2
In base 3, what is -22111 + 1?
-22110
In base 12, what is 3 + -74?
-71
In base 2, what is 10011011 + 0?
10011011
In base 11, what is -453 + -1?
-454
In base 5, what is 120043 + 2?
120100
In base 6, what is 23 + -132?
-105
In base 5, what is -1112 - -40?
-1022
In base 11, what is -3 - 21a?
-222
In base 14, what is -5 - 3b?
-42
In base 5, what is 143310 - -4?
143314
In base 6, what is -403 + -122?
-525
In base 15, what is -c - 27?
-34
In base 9, what is 3082 - 0?
3082
In base 6, what is -2142 + -3?
-2145
In base 14, what is 5 + d02?
d07
In base 10, what is 192 + 5?
197
In base 7, what is -21 + -2062?
-2113
In base 16, what is -de + 5?
-d9
In base 11, what is 5 - 647?
-642
In base 8, what is -17 - 15?
-34
In base 7, what is -256145 + -4?
-256152
In base 14, what is -d + 24?
15
In base 12, what is -313 + -4?
-317
In base 4, what is 1203 + 20?
1223
In base 15, what is -b5 - 4?
-b9
In base 7, what is -5 - 2252?
-2260
In base 14, what is 5d5 - 0?
5d5
In base 13, what is 3 + -202?
-1cc
In base 8, what is 1103 - 5?
1076
In base 12, what is a1 + -a?
93
In base 6, what is -4 - 2353?
-2401
In base 5, what is 4 - -1022?
1031
In base 7, what is -2 - 10362?
-10364
In base 5, what is 0 - 11122?
-11122
In base 6, what is -12152 + 